{"id":57,"date":"2021-01-05T11:37:53","date_gmt":"2021-01-05T10:37:53","guid":{"rendered":"http:\/\/www.mahet.de\/mahet\/?page_id=57"},"modified":"2021-01-14T10:35:02","modified_gmt":"2021-01-14T09:35:02","slug":"doors","status":"publish","type":"page","link":"http:\/\/www.mahet.de\/?page_id=57","title":{"rendered":"DOORS"},"content":{"rendered":"<div id=\"pl-57\"  class=\"panel-layout\" ><div id=\"pg-57-0\"  class=\"panel-grid panel-no-style\" ><div id=\"pgc-57-0-0\"  class=\"panel-grid-cell\" ><div id=\"panel-57-0-0-0\" class=\"so-panel widget widget_media_image panel-first-child panel-last-child\" data-index=\"0\" ><img loading=\"lazy\" decoding=\"async\" width=\"300\" height=\"296\" src=\"http:\/\/www.mahet.de\/mahet\/wp-content\/uploads\/2021\/01\/Doors-1-300x296.jpg\" class=\"image wp-image-269 bordernone attachment-300x296 size-300x296\" alt=\"\" style=\"max-width: 100%; height: auto;\" srcset=\"http:\/\/www.mahet.de\/mahet\/wp-content\/uploads\/2021\/01\/Doors-1-300x296.jpg 300w, http:\/\/www.mahet.de\/mahet\/wp-content\/uploads\/2021\/01\/Doors-1-1024x1011.jpg 1024w, http:\/\/www.mahet.de\/mahet\/wp-content\/uploads\/2021\/01\/Doors-1-768x758.jpg 768w, http:\/\/www.mahet.de\/mahet\/wp-content\/uploads\/2021\/01\/Doors-1.jpg 1094w\" sizes=\"auto, (max-width: 300px) 100vw, 300px\" \/><\/div><\/div><div id=\"pgc-57-0-1\"  class=\"panel-grid-cell\" ><div id=\"panel-57-0-1-0\" class=\"so-panel widget widget_sow-editor panel-first-child panel-last-child\" data-index=\"1\" ><div\n\t\t\t\n\t\t\tclass=\"so-widget-sow-editor so-widget-sow-editor-base\"\n\t\t\t\n\t\t>\n<div class=\"siteorigin-widget-tinymce textwidget\">\n\t<h2 class=\"align-center\">DOORS<\/h2>\n<h2 class=\"align-center\"><strong>3 B\u00fccher, 3 Welten, 3 T\u00fcren \u2013 welche wirst du \u00f6ffnen?<\/strong><br \/>\n<strong>Hinter diesen T\u00fcren lauert vieles.<\/strong><br \/>\n<strong>Auch das Abenteuer\u2026<\/strong><\/h2>\n<\/div>\n<\/div><\/div><\/div><\/div><div id=\"pg-57-1\"  class=\"panel-grid panel-no-style\" ><div id=\"pgc-57-1-0\"  class=\"panel-grid-cell\" ><div id=\"panel-57-1-0-0\" class=\"so-panel widget widget_text panel-first-child panel-last-child\" data-index=\"2\" >\t\t\t<div class=\"textwidget\"><p><strong>Staffel 1 DOORS<\/strong><\/p>\n<h2>Blutfeld \/\/ Kolonie \/\/ D\u00e4mmerung<\/h2>\n<p><strong>Staffel 2 DOORS<\/strong><\/p>\n<h2>W\u00e4chter \/\/ Energija \/\/ Vorsehung<\/h2>\n<p>&nbsp;<\/p>\n<p>Zum Reinschnuppern gibt es die kostenlose 80-seitige Pilotfolge &#8222;DOORS &#8211; Der Beginn&#8220; (in allen Shops zu finden).<\/p>\n<p>Am Ende der Pilotfolge wird man vor die Wahl gestellt: drei T\u00fcren, drei B\u00fccher &#8211; durch welche T\u00fcr sollen die Helden treten?<\/p>\n<p>Drei Romane, drei parallele und eigenst\u00e4ndige Geschichten, drei M\u00f6glichkeiten.<\/p>\n<h3>Staffel 1<\/h3>\n<h2>DOORS &#8211; Der Beginn<\/h2>\n<p><strong>(kostenlose Pilot-Folge der ersten Staffel, zu finden in allen Shops)<\/strong><\/p>\n<p>Der schwerreiche Vater der vermissten Anna-Lena van Dam schickt ein sechsk\u00f6pfiges Team aus, um seine Tochter zu finden \u2013 darunter einen Ex-Milit\u00e4r, eine H\u00f6hlenkletterin und einen Parapsychologen. Jeder der sechs ist ein Experte auf seinem Gebiet, jeder von ihnen hat etwas zu verbergen. Und keiner von ihnen wird das gigantische H\u00f6hlensystem unter dem Anwesen der van Dams unver\u00e4ndert verlassen. Denn in der Dunkelheit entdeckt das Team geheimnisvolle T\u00fcren, und muss sich dahinter auf Pfade jenseits aller Wissenschaft und Vernunft einlassen, um Anna-Lena zu retten.<\/p>\n<h2>Kolonie:<\/h2>\n<p>&#8230;f\u00fchrt mitten in die 40er Jahre. Doch in dieser Zeitlinie hat Nazi-Deutschland fr\u00fch kapituliert, die USA haben die Kontrolle \u00fcber Europa \u00fcbernommen und drohen dem Widerstand, angef\u00fchrt von Russland, mit einem Atomschlag.<\/p>\n<p>Will das Team \u00fcberleben, m\u00fcssen sie diesen Wahnsinn stoppen \u2013 um jeden Preis.<\/p>\n<h2>Blutfeld:<\/h2>\n<p>&#8230;bringt die Truppe ins fr\u00fche Mittelalter des 9. Jahrhunderts. Doch anders als in den Geschichtsb\u00fcchern wird hier die Herrschaft nicht nur von M\u00e4nnern ausge\u00fcbt. W\u00e4hrend sich machtbewusste Kaiserinnen bekriegen, planen m\u00e4nnliche Verschw\u00f6rer das Ende des Matriarchats.<\/p>\n<p>Auf der Suche nach Anna-Lena ist das Team mittendrin, als Europa auf eine gigantische Schlacht zusteuert.<\/p>\n<h2>D\u00e4mmerung:<\/h2>\n<p>&#8230; l\u00e4sst das Team unerwartet in die eigenen Albtr\u00e4ume blicken, ohne dass es ein Entkommen gibt. Wissen Sie, wie man die eigenen D\u00e4monen besiegt?<\/p>\n<p>In dem unterirdischen Reich des H\u00f6hlensystems existiert zudem noch viel mehr, das nicht von dieser Welt ist. Und der einzige Fluchtweg f\u00fchrt in eine bedrohliche Cyberpunk-Zukunftsvision.<\/p>\n<p>&nbsp;<\/p>\n<h3>Staffel 2<\/h3>\n<h2>DOORS &#8211; Drei Sekunden<\/h2>\n<p><strong>(kostenlose Pilot-Folge der zweiten Staffel, zu finden in allen Shops)<\/strong><\/p>\n<p>Suna Levents Treiben als Hackerin im Auftrag der Kadoguchi-Stiftung ist hochgradig illegal. Illegal, aber harmlos \u2013 denn wer sich f\u00fcr Informationen \u00fcber \u00bbParticulae\u00ab, \u00bbArk\u00ab und \u00bbT\u00fcren\u00ab interessiert, bei dem kann es sich doch nur um einen von diesen Esoterik-Spinnern handeln. Oder?<\/p>\n<p>Als Sunas Dasein von jetzt auf gleich auf dem Spiel steht, ist sie sich da pl\u00f6tzlich nicht mehr so sicher. Dabei bleiben Suna lediglich drei Sekunden, um eine Entscheidung \u00fcber Leben und Tod zu treffen. F\u00fcr sich und andere \u2026<\/p>\n<p>Die junge Russin Milana, der Schreiner Anton und die Hackerin N\u00f3tt sind die Helden der Mystery-Romane \u00bbDOORS \u2013 Energia\u00ab, \u00bbDOORS \u2013 Vorsehung\u00ab und \u00bbDOORS \u2013 W\u00e4chter\u00ab.<\/p>\n<h2>Energija:<\/h2>\n<p>Weshalb musste Milanas Vater sterben, der f\u00fcr einen internationalen Konzern in einem experimentellen Fusionsreaktor gearbeitet hat. Was hat es mit seinen Aufzeichnungen \u00fcber einem seltsamen Stein auf sich, der aus Splittern eines unbekannten Metalls zusammengef\u00fcgt werden soll?<\/p>\n<h2>Vorsehung:<\/h2>\n<p>Die Schicksale von Milana, Anton und N\u00f3tt sind miteinander verkn\u00fcpft: Es geht um geheimnisvolle T\u00fcren, mysteri\u00f6se Metallsplitter \u2013 und Unsterbliche auf einer t\u00f6dlichen Mission.<\/p>\n<h2>W\u00e4chter:<\/h2>\n<p>Schreiner Anton ist auf den Spuren seines alten Meisters, der nach antiken Baupl\u00e4nen eine geheimnisvolle T\u00fcr anfertigen wollte. Wurde der Alte deswegen \u00fcberfallen?<\/p>\n<p>Anton bleibt nichts \u00fcbrig, als das R\u00e4tsel zu l\u00f6sen und die T\u00fcr zu vollenden, wenn ihm sein eigenes Leben und das seiner Familie lieb ist.<\/p>\n<p>&nbsp;<\/p>\n<p><strong>Warum DOORS, also \u201eT\u00fcren\u201c?<\/strong><\/p>\n<p>Der Topos T\u00fcr ist so alt wie die Erfindung der T\u00fcr selbst\u00a0und findet sich in jeder Form der Literatur zu allen Zeiten.<\/p>\n<p>Geheimnisvolle T\u00fcren wie in &#8222;Narnia&#8220; oder die Himmelst\u00fcr zum Paradies, die Pforte, durch die Goldmarie und Pechmarie gehen m\u00fcssen, die stets abgeschlossene T\u00fcr in Horror- und Thrillerromanen und -filmen, der Blick durch das Schl\u00fcsselloch, das Lauschen an der T\u00fcr,\u00a0die verbotene T\u00fcr, das schwere Stahlschott auf dem Schiff und im Weltall oder auch die Schrankt\u00fcr, welche das Kind vom Monster trennt und und und.<\/p>\n<p>Fazit: Ohne eine T\u00fcr h\u00e4tten sehr viele Erz\u00e4hlungen ein gro\u00dfes Spannungsproblem.<\/p>\n<p>Einmal mehr gilt die alte Regel der Erz\u00e4hlung: Alles war irgendwie schon mal da &#8211; aber es kommt darauf an, was man damit macht!<\/p>\n<p>Getreu diesem Motto habe ich DOORS entwickelt, weil ich gerade diese unendlichen M\u00f6glichkeiten mag.<\/p>\n<p>&nbsp;<\/p>\n<p>&nbsp;<\/p>\n<p>&nbsp;<\/p>\n<\/div>\n\t\t<\/div><\/div><\/div><\/div>","protected":false},"excerpt":{"rendered":"<p>DOORS 3 B\u00fccher, 3 Welten, 3 T\u00fcren \u2013 welche wirst du \u00f6ffnen? Hinter diesen T\u00fcren lauert vieles. Auch das Abenteuer\u2026 Staffel 1 DOORS Blutfeld \/\/ Kolonie \/\/ D\u00e4mmerung Staffel 2 DOORS W\u00e4chter \/\/ Energija \/\/ Vorsehung &nbsp; Zum Reinschnuppern gibt es die kostenlose 80-seitige Pilotfolge &#8222;DOORS &#8211; Der Beginn&#8220; (in<\/p>\n<div class=\"shariff shariff-align-left shariff-widget-align-left\"><ul class=\"shariff-buttons theme-round orientation-horizontal buttonsize-medium\"><li class=\"shariff-button facebook shariff-nocustomcolor\" style=\"background-color:#4273c8\"><a href=\"https:\/\/www.facebook.com\/sharer\/sharer.php?u=http%3A%2F%2Fwww.mahet.de%2F%3Fpage_id%3D57\" title=\"Bei Facebook teilen\" aria-label=\"Bei Facebook teilen\" role=\"button\" rel=\"nofollow\" class=\"shariff-link\" style=\"; background-color:#3b5998; color:#fff\" target=\"_blank\"><span class=\"shariff-icon\" style=\"\"><svg width=\"32px\" height=\"20px\" xmlns=\"http:\/\/www.w3.org\/2000\/svg\" viewBox=\"0 0 18 32\"><path fill=\"#3b5998\" d=\"M17.1 0.2v4.7h-2.8q-1.5 0-2.1 0.6t-0.5 1.9v3.4h5.2l-0.7 5.3h-4.5v13.6h-5.5v-13.6h-4.5v-5.3h4.5v-3.9q0-3.3 1.9-5.2t5-1.8q2.6 0 4.1 0.2z\"\/><\/svg><\/span><\/a><\/li><li class=\"shariff-button twitter shariff-nocustomcolor\" style=\"background-color:#595959\"><a href=\"https:\/\/twitter.com\/share?url=http%3A%2F%2Fwww.mahet.de%2F%3Fpage_id%3D57&text=DOORS\" title=\"Bei X teilen\" aria-label=\"Bei X teilen\" role=\"button\" rel=\"noopener nofollow\" class=\"shariff-link\" style=\"; background-color:#000; color:#fff\" target=\"_blank\"><span class=\"shariff-icon\" style=\"\"><svg width=\"32px\" height=\"20px\" xmlns=\"http:\/\/www.w3.org\/2000\/svg\" viewBox=\"0 0 24 24\"><path fill=\"#000\" d=\"M14.258 10.152L23.176 0h-2.113l-7.747 8.813L7.133 0H0l9.352 13.328L0 23.973h2.113l8.176-9.309 6.531 9.309h7.133zm-2.895 3.293l-.949-1.328L2.875 1.56h3.246l6.086 8.523.945 1.328 7.91 11.078h-3.246zm0 0\"\/><\/svg><\/span><\/a><\/li><\/ul><\/div>","protected":false},"author":1,"featured_media":0,"parent":12,"menu_order":0,"comment_status":"closed","ping_status":"closed","template":"template-fullwidth.php","meta":{"footnotes":""},"class_list":["post-57","page","type-page","status-publish","hentry"],"_links":{"self":[{"href":"http:\/\/www.mahet.de\/index.php?rest_route=\/wp\/v2\/pages\/57","targetHints":{"allow":["GET"]}}],"collection":[{"href":"http:\/\/www.mahet.de\/index.php?rest_route=\/wp\/v2\/pages"}],"about":[{"href":"http:\/\/www.mahet.de\/index.php?rest_route=\/wp\/v2\/types\/page"}],"author":[{"embeddable":true,"href":"http:\/\/www.mahet.de\/index.php?rest_route=\/wp\/v2\/users\/1"}],"replies":[{"embeddable":true,"href":"http:\/\/www.mahet.de\/index.php?rest_route=%2Fwp%2Fv2%2Fcomments&post=57"}],"version-history":[{"count":3,"href":"http:\/\/www.mahet.de\/index.php?rest_route=\/wp\/v2\/pages\/57\/revisions"}],"predecessor-version":[{"id":652,"href":"http:\/\/www.mahet.de\/index.php?rest_route=\/wp\/v2\/pages\/57\/revisions\/652"}],"up":[{"embeddable":true,"href":"http:\/\/www.mahet.de\/index.php?rest_route=\/wp\/v2\/pages\/12"}],"wp:attachment":[{"href":"http:\/\/www.mahet.de\/index.php?rest_route=%2Fwp%2Fv2%2Fmedia&parent=57"}],"curies":[{"name":"wp","href":"https:\/\/api.w.org\/{rel}","templated":true}]}}