{"id":71,"date":"2021-01-05T11:37:53","date_gmt":"2021-01-05T10:37:53","guid":{"rendered":"http:\/\/www.mahet.de\/mahet\/?page_id=71"},"modified":"2021-01-08T11:09:02","modified_gmt":"2021-01-08T10:09:02","slug":"shadowrun-titel","status":"publish","type":"page","link":"http:\/\/www.mahet.de\/?page_id=71","title":{"rendered":"Shadowrun-Titel"},"content":{"rendered":"<h2>Das Shadowrun-Universum<\/h2>\n<p>Als einer von vielen Autoren habe ich f\u00fcr die Romanserie zum Shadowrun-Rollenspiel geschrieben.<br \/>\nHerausgekommen sind sechs Romane und eine Kurzgeschichte.<br \/>\nWar eine sch\u00f6ne Zeit, hat viel Spa\u00df gemacht, aber Neues wird es nicht geben.<br \/>\nAlle Titel bisher erschienen im Heyne Verlag<\/p>\n<p>\u2022 TAKC 3000<br \/>\n\u2022 Gottes Engel<br \/>\n\u2022 Aeternitas<br \/>\n\u2022 Metanbolismus (Kurzgeschichte, geschrieben; ver\u00f6ffentlicht in &#8222;Matrixfeuer&#8220;)<br \/>\n\u2022 Sturmvogel<br \/>\n\u2022 05:58<br \/>\n\u2022 Jede Wette<\/p>\n<p>Jeweils drei B\u00e4nde sind in zwei Sammelb\u00e4nden &#8211; Schattenl\u00e4ufer &#038; Schattenj\u00e4ger &#8211; neu aufgelegt worden.<br \/>\nEs handelt sich dabei nicht um neue Werke!<\/p>\n","protected":false},"excerpt":{"rendered":"<p>Das Shadowrun-Universum Als einer von vielen Autoren habe ich f\u00fcr die Romanserie zum Shadowrun-Rollenspiel geschrieben. Herausgekommen sind sechs Romane und eine Kurzgeschichte. War eine sch\u00f6ne Zeit, hat viel Spa\u00df gemacht, aber Neues wird es nicht geben. Alle Titel bisher erschienen im Heyne Verlag \u2022 TAKC 3000 \u2022 Gottes Engel \u2022<\/p>\n<div class=\"shariff shariff-align-left shariff-widget-align-left\"><ul class=\"shariff-buttons theme-round orientation-horizontal buttonsize-medium\"><li class=\"shariff-button facebook shariff-nocustomcolor\" style=\"background-color:#4273c8\"><a href=\"https:\/\/www.facebook.com\/sharer\/sharer.php?u=http%3A%2F%2Fwww.mahet.de%2F%3Fpage_id%3D71\" title=\"Bei Facebook teilen\" aria-label=\"Bei Facebook teilen\" role=\"button\" rel=\"nofollow\" class=\"shariff-link\" style=\"; background-color:#3b5998; color:#fff\" target=\"_blank\"><span class=\"shariff-icon\" style=\"\"><svg width=\"32px\" height=\"20px\" xmlns=\"http:\/\/www.w3.org\/2000\/svg\" viewBox=\"0 0 18 32\"><path fill=\"#3b5998\" d=\"M17.1 0.2v4.7h-2.8q-1.5 0-2.1 0.6t-0.5 1.9v3.4h5.2l-0.7 5.3h-4.5v13.6h-5.5v-13.6h-4.5v-5.3h4.5v-3.9q0-3.3 1.9-5.2t5-1.8q2.6 0 4.1 0.2z\"\/><\/svg><\/span><\/a><\/li><li class=\"shariff-button twitter shariff-nocustomcolor\" style=\"background-color:#595959\"><a href=\"https:\/\/twitter.com\/share?url=http%3A%2F%2Fwww.mahet.de%2F%3Fpage_id%3D71&text=Shadowrun-Titel\" title=\"Bei X teilen\" aria-label=\"Bei X teilen\" role=\"button\" rel=\"noopener nofollow\" class=\"shariff-link\" style=\"; background-color:#000; color:#fff\" target=\"_blank\"><span class=\"shariff-icon\" style=\"\"><svg width=\"32px\" height=\"20px\" xmlns=\"http:\/\/www.w3.org\/2000\/svg\" viewBox=\"0 0 24 24\"><path fill=\"#000\" d=\"M14.258 10.152L23.176 0h-2.113l-7.747 8.813L7.133 0H0l9.352 13.328L0 23.973h2.113l8.176-9.309 6.531 9.309h7.133zm-2.895 3.293l-.949-1.328L2.875 1.56h3.246l6.086 8.523.945 1.328 7.91 11.078h-3.246zm0 0\"\/><\/svg><\/span><\/a><\/li><\/ul><\/div>","protected":false},"author":1,"featured_media":0,"parent":12,"menu_order":0,"comment_status":"closed","ping_status":"closed","template":"template-fullwidth.php","meta":{"footnotes":""},"class_list":["post-71","page","type-page","status-publish","hentry"],"_links":{"self":[{"href":"http:\/\/www.mahet.de\/index.php?rest_route=\/wp\/v2\/pages\/71","targetHints":{"allow":["GET"]}}],"collection":[{"href":"http:\/\/www.mahet.de\/index.php?rest_route=\/wp\/v2\/pages"}],"about":[{"href":"http:\/\/www.mahet.de\/index.php?rest_route=\/wp\/v2\/types\/page"}],"author":[{"embeddable":true,"href":"http:\/\/www.mahet.de\/index.php?rest_route=\/wp\/v2\/users\/1"}],"replies":[{"embeddable":true,"href":"http:\/\/www.mahet.de\/index.php?rest_route=%2Fwp%2Fv2%2Fcomments&post=71"}],"version-history":[{"count":3,"href":"http:\/\/www.mahet.de\/index.php?rest_route=\/wp\/v2\/pages\/71\/revisions"}],"predecessor-version":[{"id":457,"href":"http:\/\/www.mahet.de\/index.php?rest_route=\/wp\/v2\/pages\/71\/revisions\/457"}],"up":[{"embeddable":true,"href":"http:\/\/www.mahet.de\/index.php?rest_route=\/wp\/v2\/pages\/12"}],"wp:attachment":[{"href":"http:\/\/www.mahet.de\/index.php?rest_route=%2Fwp%2Fv2%2Fmedia&parent=71"}],"curies":[{"name":"wp","href":"https:\/\/api.w.org\/{rel}","templated":true}]}}