{"id":13,"date":"2021-01-04T15:23:13","date_gmt":"2021-01-04T14:23:13","guid":{"rendered":"http:\/\/www.mahet.de\/mahet\/?page_id=13"},"modified":"2023-04-07T09:23:38","modified_gmt":"2023-04-07T07:23:38","slug":"maxim-voland","status":"publish","type":"page","link":"https:\/\/www.mahet.de\/?page_id=13","title":{"rendered":"Maxim Voland"},"content":{"rendered":"<div id=\"pl-13\"  class=\"panel-layout\" ><div id=\"pg-13-0\"  class=\"panel-grid panel-no-style\" ><div id=\"pgc-13-0-0\"  class=\"panel-grid-cell\" ><div id=\"panel-13-0-0-0\" class=\"so-panel widget widget_text panel-first-child panel-last-child\" data-index=\"0\" >\t\t\t<div class=\"textwidget\"><div id=\"c183\" class=\"csc-default\">\n<div class=\"csc-header csc-header-n1\"><\/div>\n<\/div>\n<div id=\"c182\" class=\"csc-default\">\n<div class=\"csc-header csc-header-n2\">\n<h2>MAXIM VOLAND<\/h2>\n<\/div>\n<p>habe ich als Pseudonym f\u00fcr k\u00fcnftige Projekte im Bereich Krimi und Thriller ausgesucht, um eine sch\u00e4rfere Abgrenzung zu meinem Schwerpunkt der letzten knapp zwanzig Jahre im Phantastikgenre zu erreichen.<br \/>\nAlso, keine Sorge. Romane unter Maxim Voland kommen ohne Zwerge, Vampire und andere klassische Elemente der Fantasy aus.<br \/>\nDas soll es jenen Leserinnen und Lesern einfacher machen, denen vielleicht mein Stil gef\u00e4llt, die aber mit Phantastik nichts am Hut haben.<\/p>\n<p>Bislang erschienen sind DIE REPUBLIK, ein Alternative-Weltgeschichte-Thriller, bei dem die DDR ein starker sozialistischer, moderner Staat im Stile von China wurde.<br \/>\nAls Markus Heitz habe ich schon Thriller verfasst, zu finden im passenden Men\u00fcpunkt bei Projekte.<br \/>\nUnd nun geht es weiter!<\/p>\n<\/div>\n<\/div>\n\t\t<\/div><\/div><\/div><div id=\"pg-13-1\"  class=\"panel-grid panel-no-style\" ><div id=\"pgc-13-1-0\"  class=\"panel-grid-cell\" ><div id=\"panel-13-1-0-0\" class=\"so-panel widget widget_media_image panel-first-child panel-last-child\" data-index=\"1\" ><img loading=\"lazy\" decoding=\"async\" width=\"1440\" height=\"1440\" src=\"https:\/\/www.mahet.de\/mahet\/wp-content\/uploads\/2023\/04\/Voland_Die_Wertlosen_Quadrat-Kopie.jpg\" class=\"image wp-image-1195  attachment-full size-full\" alt=\"\" style=\"max-width: 100%; height: auto;\" srcset=\"https:\/\/www.mahet.de\/mahet\/wp-content\/uploads\/2023\/04\/Voland_Die_Wertlosen_Quadrat-Kopie.jpg 1440w, https:\/\/www.mahet.de\/mahet\/wp-content\/uploads\/2023\/04\/Voland_Die_Wertlosen_Quadrat-Kopie-300x300.jpg 300w, https:\/\/www.mahet.de\/mahet\/wp-content\/uploads\/2023\/04\/Voland_Die_Wertlosen_Quadrat-Kopie-1024x1024.jpg 1024w, https:\/\/www.mahet.de\/mahet\/wp-content\/uploads\/2023\/04\/Voland_Die_Wertlosen_Quadrat-Kopie-150x150.jpg 150w, https:\/\/www.mahet.de\/mahet\/wp-content\/uploads\/2023\/04\/Voland_Die_Wertlosen_Quadrat-Kopie-768x768.jpg 768w, https:\/\/www.mahet.de\/mahet\/wp-content\/uploads\/2023\/04\/Voland_Die_Wertlosen_Quadrat-Kopie-480x480.jpg 480w, https:\/\/www.mahet.de\/mahet\/wp-content\/uploads\/2023\/04\/Voland_Die_Wertlosen_Quadrat-Kopie-640x640.jpg 640w, https:\/\/www.mahet.de\/mahet\/wp-content\/uploads\/2023\/04\/Voland_Die_Wertlosen_Quadrat-Kopie-250x250.jpg 250w\" sizes=\"auto, (max-width: 1440px) 100vw, 1440px\" \/><\/div><\/div><div id=\"pgc-13-1-1\"  class=\"panel-grid-cell\" ><div id=\"panel-13-1-1-0\" class=\"so-panel widget widget_text panel-first-child panel-last-child\" data-index=\"2\" >\t\t\t<div class=\"textwidget\"><h2>Nach seinem Ausflug in <span class=\"a-text-italic\">\u201eDie Republik\u201c<\/span>\u00a0widmet er sich in seinem neuen Thriller <span class=\"a-text-bold\">\u201eDIE WERTLOSEN&#8220;<\/span> der modernen Yakuza &#8211; in Deutschland.<br \/>\nMaxim Voland ist das offene <u>Thrillerpseudonym<\/u> von SPIEGEL-Bestsellerautor <u>Markus Heitz <\/u>und steht f\u00fcr Krimi, Thriller und Action fernab von Phantastik.<\/h2>\n<p>Erscheinungstermin ist 21. April. Das Ebook ist bereits vorbestellbar, Print kommt via Tolino.<\/p>\n<p><strong>Und darum geht\u2019s:<\/strong><br \/>\nBei einem Feuergefecht krimineller Banden in Berlin-Mitte vor einem angesagten Sushirestaurant werden mehrere Unbeteiligte im Kugelhagel get\u00f6tet. Unter den Opfern sind ein alter Oyabun, seines Zeichens ehemaliger Anf\u00fchrer und Mentor eines Yakuza-Clans, sowie ein deutscher Gesch\u00e4ftsmann.<br \/>\nDie Leute des Oyabun, die Shibuya Seid\u014d-kai, senden daraufhin das Killerkommando \u201eOni\u201c aus Japan, mit einem eindeutigen Auftrag: S\u00e4mtliche M\u00f6rder des Oyabun sollen sterben!<br \/>\nDiese Nachricht versetzt die ans\u00e4ssigen Banden in Aufruhr \u2013 und auch die Berliner Polizei.<br \/>\nDer deutsche Gesch\u00e4ftsmann hingegen geh\u00f6rte zu einem omin\u00f6sen deutsch-japanischen Freundschaftsverein in D\u00fcsseldorf. Dort leben \u00fcber achttausend Japanerinnen und Japaner, es existiert mit &#8222;Little Tokyo\u201c ein eigenes Viertel, und auch jede Menge japanischer Firmen haben sich dort niedergelassen.<br \/>\nW\u00e4hrend die Ermittlerteams in Berlin und D\u00fcsseldorf fieberhaft den Spuren der Yakuza durch die Gro\u00dfst\u00e4dte folgen, treffen die arabischen und russischen Banden martialische Vorbereitungen f\u00fcr die Auseinandersetzung mit den \u201eOni\u201c \u2026<\/p>\n<p><strong><span class=\"a-text-bold\">DIE WERTLOSEN. Berlin: Tod eines Yakuza<\/span><\/strong><br \/>\nholt die faszinierende Schattenwelt der Yakuza nach Deutschland, denn auch hier hat die japanische Mafia ihre Schaltstellen. Und sie expandiert stetig \u2026<br \/>\n\u201e4 Blocks\u201c trifft auf \u201eBlack Rain&#8220; , \u201ePflicht\/Schande\u201c auf \u201eDogs of Berlin\u201c, \u201eJohn Wick\u201c auf \u201eThe Outsider\u201c.<\/p>\n<p><strong>Print- und Ebookversion kommen mit verschiedenem Cover.<\/strong><\/p>\n<\/div>\n\t\t<\/div><\/div><\/div><\/div>","protected":false},"excerpt":{"rendered":"<p>MAXIM VOLAND habe ich als Pseudonym f\u00fcr k\u00fcnftige Projekte im Bereich Krimi und Thriller ausgesucht, um eine sch\u00e4rfere Abgrenzung zu meinem Schwerpunkt der letzten knapp zwanzig Jahre im Phantastikgenre zu erreichen. Also, keine Sorge. Romane unter Maxim Voland kommen ohne Zwerge, Vampire und andere klassische Elemente der Fantasy aus. Das<\/p>\n<div class=\"shariff shariff-align-left shariff-widget-align-left\"><ul class=\"shariff-buttons theme-round orientation-horizontal buttonsize-medium\"><li class=\"shariff-button facebook shariff-nocustomcolor\" style=\"background-color:#4273c8\"><a href=\"https:\/\/www.facebook.com\/sharer\/sharer.php?u=https%3A%2F%2Fwww.mahet.de%2F%3Fpage_id%3D13\" title=\"Bei Facebook teilen\" aria-label=\"Bei Facebook teilen\" role=\"button\" rel=\"nofollow\" class=\"shariff-link\" style=\"; background-color:#3b5998; color:#fff\" target=\"_blank\"><span class=\"shariff-icon\" style=\"\"><svg width=\"32px\" height=\"20px\" xmlns=\"http:\/\/www.w3.org\/2000\/svg\" viewBox=\"0 0 18 32\"><path fill=\"#3b5998\" d=\"M17.1 0.2v4.7h-2.8q-1.5 0-2.1 0.6t-0.5 1.9v3.4h5.2l-0.7 5.3h-4.5v13.6h-5.5v-13.6h-4.5v-5.3h4.5v-3.9q0-3.3 1.9-5.2t5-1.8q2.6 0 4.1 0.2z\"\/><\/svg><\/span><\/a><\/li><li class=\"shariff-button twitter shariff-nocustomcolor\" style=\"background-color:#595959\"><a href=\"https:\/\/twitter.com\/share?url=https%3A%2F%2Fwww.mahet.de%2F%3Fpage_id%3D13&text=Maxim%20Voland\" title=\"Bei X teilen\" aria-label=\"Bei X teilen\" role=\"button\" rel=\"noopener nofollow\" class=\"shariff-link\" style=\"; background-color:#000; color:#fff\" target=\"_blank\"><span class=\"shariff-icon\" style=\"\"><svg width=\"32px\" height=\"20px\" xmlns=\"http:\/\/www.w3.org\/2000\/svg\" viewBox=\"0 0 24 24\"><path fill=\"#000\" d=\"M14.258 10.152L23.176 0h-2.113l-7.747 8.813L7.133 0H0l9.352 13.328L0 23.973h2.113l8.176-9.309 6.531 9.309h7.133zm-2.895 3.293l-.949-1.328L2.875 1.56h3.246l6.086 8.523.945 1.328 7.91 11.078h-3.246zm0 0\"\/><\/svg><\/span><\/a><\/li><\/ul><\/div>","protected":false},"author":1,"featured_media":0,"parent":12,"menu_order":0,"comment_status":"closed","ping_status":"closed","template":"template-fullwidth.php","meta":{"footnotes":""},"class_list":["post-13","page","type-page","status-publish","hentry"],"_links":{"self":[{"href":"https:\/\/www.mahet.de\/index.php?rest_route=\/wp\/v2\/pages\/13","targetHints":{"allow":["GET"]}}],"collection":[{"href":"https:\/\/www.mahet.de\/index.php?rest_route=\/wp\/v2\/pages"}],"about":[{"href":"https:\/\/www.mahet.de\/index.php?rest_route=\/wp\/v2\/types\/page"}],"author":[{"embeddable":true,"href":"https:\/\/www.mahet.de\/index.php?rest_route=\/wp\/v2\/users\/1"}],"replies":[{"embeddable":true,"href":"https:\/\/www.mahet.de\/index.php?rest_route=%2Fwp%2Fv2%2Fcomments&post=13"}],"version-history":[{"count":3,"href":"https:\/\/www.mahet.de\/index.php?rest_route=\/wp\/v2\/pages\/13\/revisions"}],"predecessor-version":[{"id":1197,"href":"https:\/\/www.mahet.de\/index.php?rest_route=\/wp\/v2\/pages\/13\/revisions\/1197"}],"up":[{"embeddable":true,"href":"https:\/\/www.mahet.de\/index.php?rest_route=\/wp\/v2\/pages\/12"}],"wp:attachment":[{"href":"https:\/\/www.mahet.de\/index.php?rest_route=%2Fwp%2Fv2%2Fmedia&parent=13"}],"curies":[{"name":"wp","href":"https:\/\/api.w.org\/{rel}","templated":true}]}}