{"id":48,"date":"2021-01-05T11:22:36","date_gmt":"2021-01-05T10:22:36","guid":{"rendered":"http:\/\/www.mahet.de\/mahet\/?page_id=48"},"modified":"2021-01-13T15:03:34","modified_gmt":"2021-01-13T14:03:34","slug":"andere","status":"publish","type":"page","link":"https:\/\/www.mahet.de\/?page_id=48","title":{"rendered":"Andere"},"content":{"rendered":"<h3 class=\"bodytext\"><strong>Meine anderen Identit\u00e4ten&#8230;<\/strong><\/h3>\n<h2 class=\"bodytext\">Mahet\/ Meister Mahet<\/h2>\n<p>Am Anfang war die Uni. Die bauten mir eine tolle Rechnerkennung f\u00fcr die Universit\u00e4t. Wo heute nur vier Buchstaben und vier Ziffern lieblos zusammen geklatscht werden, wurde damals noch z\u00e4rtlich gebastelt. So entstand das K\u00fcrzel MArkus HEiTz, MAHET. Ich fand das schick. Den &#8222;Meister&#8220; gab&#8217;s erst nach Bestehen der Magisterpr\u00fcfung. Ein echter Meistertitel.<\/p>\n<h2 class=\"bodytext\"><strong>Andere Mahets (die F\u00e4lschungen selbstverst\u00e4ndlich), im Netz gefunden&#8230;<\/strong><\/h2>\n<ol>\n<li>Kerri was born in the state of eastern Daas, in the country of Esium. Her father Mahet was the Maze keeper of Cabal &#8211; a land poised on the edge of the Suraanese Empire. Cabal had been designed to fend off any land attack by Suraanese forces; its land turned into a perfect battleground filled with trenches, pits and other nefarious traps. As a daughter of Mahet, Kerri spent much of her childhood in Cabal&#8217;s underground maze. Traitors, prisoners and Suraanese invaders would be teleported into the maze by Lord Araith of Cabal. It was Mahet&#8217;s duty to rearm and service all of the maze&#8217;s deadly traps.Suffice as to say, Kerri learned a lot about intstruments of torture and death. The Daasin people were never one&#8217;s for tact.<\/li>\n<\/ol>\n<ol start=\"2\">\n<li>Sravasti has two villages, Sahet and Mahet. From the Balrampur-Sravasti road one can enter Sahet, which is spread over an area of 400 acres and has a number of ruins. A little north of Sahet, towards the Rapti River, is the ancient fortified city of Mahet. The entrance to the mud fortification of Mahet is constructed in a beautiful crescent shape. Though an ancient structure, its five gates and walls are still visible. Pakki Kuti, Kuchhi Kuti and many other stupas tell the story of the great monasteries that once stood here.<\/li>\n<\/ol>\n<ol start=\"3\">\n<li>Welkom op de website vanMahet. Vanwege problemen met de juiste server zijn wij op dit moment nog niet in staat de goede layout van de website aan u te tonen. Binnenkort zult u kennis maken met de complete website. Onze excuses.<\/li>\n<\/ol>\n<ol start=\"4\">\n<li>The most peculiar element in this Samaritan cult theology, of course, was the offspring that the ancient Egyptian &#8222;Tefnut-Mahet&#8220; hypostasis has engendered-the Ennoia. It is necessary to review for a moment the Egyptian prehistory of this feminine dimension in the godhead. The association of Tefnut with Mahet is as ancient as are the Coffin Texts. In later Egyptian times the goddess Mahet, as a personal manifestation of justice, right, rightness, order, and truth has been brought into companionship with Thoth, the masculine patron of knowledge and scribalism. She has become the feminine associate of Thoth.<\/li>\n<\/ol>\n<ol start=\"5\">\n<li>In den Niederlanden tun wir dies in Zusammenarbeit mit der &#8222;Maatschap Acute Hulpverlening Education en Training&#8220;, abgek\u00fcrzt MAHET<\/li>\n<\/ol>\n<ol start=\"6\">\n<li>Marie, geb. Mahet, trat nach dem Studium am Priesterseminar in Dijon 1861 bei den Dominikanern von Flavigny-sur-Ozerain ein<\/li>\n<li>Montsorel, Mahet &#8222;Maud&#8220;, Birth: 1185 Lincolnshire, England, Gender: Female, Family: Marriage: ABT 1210 Lincolnshire, England<\/li>\n<\/ol>\n","protected":false},"excerpt":{"rendered":"<p>Meine anderen Identit\u00e4ten&#8230; Mahet\/ Meister Mahet Am Anfang war die Uni. Die bauten mir eine tolle Rechnerkennung f\u00fcr die Universit\u00e4t. Wo heute nur vier Buchstaben und vier Ziffern lieblos zusammen geklatscht werden, wurde damals noch z\u00e4rtlich gebastelt. So entstand das K\u00fcrzel MArkus HEiTz, MAHET. Ich fand das schick. Den &#8222;Meister&#8220;<\/p>\n<div class=\"shariff shariff-align-left shariff-widget-align-left\"><ul class=\"shariff-buttons theme-round orientation-horizontal buttonsize-medium\"><li class=\"shariff-button facebook shariff-nocustomcolor\" style=\"background-color:#4273c8\"><a href=\"https:\/\/www.facebook.com\/sharer\/sharer.php?u=https%3A%2F%2Fwww.mahet.de%2F%3Fpage_id%3D48\" title=\"Bei Facebook teilen\" aria-label=\"Bei Facebook teilen\" role=\"button\" rel=\"nofollow\" class=\"shariff-link\" style=\"; background-color:#3b5998; color:#fff\" target=\"_blank\"><span class=\"shariff-icon\" style=\"\"><svg width=\"32px\" height=\"20px\" xmlns=\"http:\/\/www.w3.org\/2000\/svg\" viewBox=\"0 0 18 32\"><path fill=\"#3b5998\" d=\"M17.1 0.2v4.7h-2.8q-1.5 0-2.1 0.6t-0.5 1.9v3.4h5.2l-0.7 5.3h-4.5v13.6h-5.5v-13.6h-4.5v-5.3h4.5v-3.9q0-3.3 1.9-5.2t5-1.8q2.6 0 4.1 0.2z\"\/><\/svg><\/span><\/a><\/li><li class=\"shariff-button twitter shariff-nocustomcolor\" style=\"background-color:#595959\"><a href=\"https:\/\/twitter.com\/share?url=https%3A%2F%2Fwww.mahet.de%2F%3Fpage_id%3D48&text=Andere\" title=\"Bei X teilen\" aria-label=\"Bei X teilen\" role=\"button\" rel=\"noopener nofollow\" class=\"shariff-link\" style=\"; background-color:#000; color:#fff\" target=\"_blank\"><span class=\"shariff-icon\" style=\"\"><svg width=\"32px\" height=\"20px\" xmlns=\"http:\/\/www.w3.org\/2000\/svg\" viewBox=\"0 0 24 24\"><path fill=\"#000\" d=\"M14.258 10.152L23.176 0h-2.113l-7.747 8.813L7.133 0H0l9.352 13.328L0 23.973h2.113l8.176-9.309 6.531 9.309h7.133zm-2.895 3.293l-.949-1.328L2.875 1.56h3.246l6.086 8.523.945 1.328 7.91 11.078h-3.246zm0 0\"\/><\/svg><\/span><\/a><\/li><\/ul><\/div>","protected":false},"author":1,"featured_media":0,"parent":0,"menu_order":0,"comment_status":"closed","ping_status":"closed","template":"template-fullwidth.php","meta":{"footnotes":""},"class_list":["post-48","page","type-page","status-publish","hentry"],"_links":{"self":[{"href":"https:\/\/www.mahet.de\/index.php?rest_route=\/wp\/v2\/pages\/48","targetHints":{"allow":["GET"]}}],"collection":[{"href":"https:\/\/www.mahet.de\/index.php?rest_route=\/wp\/v2\/pages"}],"about":[{"href":"https:\/\/www.mahet.de\/index.php?rest_route=\/wp\/v2\/types\/page"}],"author":[{"embeddable":true,"href":"https:\/\/www.mahet.de\/index.php?rest_route=\/wp\/v2\/users\/1"}],"replies":[{"embeddable":true,"href":"https:\/\/www.mahet.de\/index.php?rest_route=%2Fwp%2Fv2%2Fcomments&post=48"}],"version-history":[{"count":2,"href":"https:\/\/www.mahet.de\/index.php?rest_route=\/wp\/v2\/pages\/48\/revisions"}],"predecessor-version":[{"id":633,"href":"https:\/\/www.mahet.de\/index.php?rest_route=\/wp\/v2\/pages\/48\/revisions\/633"}],"wp:attachment":[{"href":"https:\/\/www.mahet.de\/index.php?rest_route=%2Fwp%2Fv2%2Fmedia&parent=48"}],"curies":[{"name":"wp","href":"https:\/\/api.w.org\/{rel}","templated":true}]}}