{"id":532,"date":"2021-01-08T13:05:13","date_gmt":"2021-01-08T12:05:13","guid":{"rendered":"http:\/\/www.mahet.de\/mahet\/?page_id=532"},"modified":"2021-01-14T14:58:08","modified_gmt":"2021-01-14T13:58:08","slug":"silvesterparty-des-grauens","status":"publish","type":"page","link":"https:\/\/www.mahet.de\/?page_id=532","title":{"rendered":"Silvesterparty des Grauens"},"content":{"rendered":"<h2>Silvesterparty des Grauens<\/h2>\n<p>Bevor die Silvesterparty in JUDASSOHN etwas anders verl\u00e4uft als angenommen, bereiten Emma und Elena kleine H\u00e4ppchen vor.<\/p>\n<p>Und das geht so:<\/p>\n<h3>Die Rache des schwarzblutigen K\u00e4seigels<\/h3>\n<ul>\n<li>K\u00e4se- Obst- Spie\u00dfe nach Belieben anfertigen; auch: kleine Wei\u00dfbrotw\u00fcrfel<br \/>\nauf die Spie\u00dfe stecken, entweder allein oder UNTEN als Tropfenf\u00e4nger!<\/li>\n<li>gute Kombinationen w\u00e4ren mildere K\u00e4sesorten, auch gerne Mini-Mozarella-<br \/>\nKugeln, in Kombination mit Trauben und Erdbeer- sowie Melonenst\u00fcckchen.<\/li>\n<li>Nat\u00fcrlich kann man auch nur K\u00e4sespie\u00dfchen anfertigen.<\/li>\n<li>K\u00fcrbiskern\u00f6l und alten Balsamico-Essig jeweils in ein Sch\u00fcsselchen geben<br \/>\nund die Fr\u00fcchte und den K\u00e4se nach Gusto sowie die Wei\u00dfbrotw\u00fcrfel damit d\u00fcnn bestreichen.<\/li>\n<\/ul>\n<p><strong>Tipp:<\/strong> Sollte der Balsamico zu schnell flie\u00dfen, einfach die gew\u00fcnschte Menge in einen Topf geben,<br \/>\nk\u00f6cheln lassen und so lange reduzieren, bis er z\u00e4hfl\u00fcssig geworden ist &#8211; oder gleich Balsamicocreme kaufen. :o)<\/p>\n<ul>\n<li>eine Halbkugel aus Styropor mit Alufolie \u00fcberziehen, Spie\u00dfchen hineinstechen<\/li>\n<\/ul>\n<p>Fertig ist der Igel!<br \/>\n<strong>Aber Vorsicht:<\/strong> Das &#8222;Blut&#8220; k\u00f6nnte tropfen!<\/p>\n<h3>Adlige Unterlegscheiben<\/h3>\n<ul>\n<li>gew\u00fcnschte Anzahl runde Pumpernickelst\u00fccke nehmen.<\/li>\n<li>gew\u00fcnschte Sorte Frischk\u00e4se kaufen oder auch das Gr\u00fcne Verderben (siehe Rezepte)<\/li>\n<li>Die Pumpernickelscheiben d\u00fcnn\/ dick mit Frischk\u00e4se bestreichen und obenauf ein<br \/>\npaar Perlen vom g\u00fcnstigen Forellenkaviar setzen<\/li>\n<li>Alternative Deko-Vorschl\u00e4ge: Pistazien, Waln\u00fcsse, Kapern, Olivenscheibchen<\/li>\n<\/ul>\n<h3>Adlige Unterlegscheiben customized<\/h3>\n<ul>\n<li>Ausstechf\u00f6rmchen (Weihnachtsgeb\u00e4ck, Halloweengeb\u00e4ck) nach Anlass kaufen<\/li>\n<li>rechteckige Pumpernickelscheiben kaufen, entsprechend ausstechen und dann<br \/>\nmit dem Frischk\u00e4se wie oben behandeln<\/li>\n<\/ul>\n<p>ODER<\/p>\n<p>Wurst und K\u00e4se kaufen, ebenfalls mit den Ausstechf\u00f6rmchen in Form bringen<br \/>\nund die Pumpernickelscheiben damit dann belegen.<\/p>\n","protected":false},"excerpt":{"rendered":"<p>Silvesterparty des Grauens Bevor die Silvesterparty in JUDASSOHN etwas anders verl\u00e4uft als angenommen, bereiten Emma und Elena kleine H\u00e4ppchen vor. Und das geht so: Die Rache des schwarzblutigen K\u00e4seigels K\u00e4se- Obst- Spie\u00dfe nach Belieben anfertigen; auch: kleine Wei\u00dfbrotw\u00fcrfel auf die Spie\u00dfe stecken, entweder allein oder UNTEN als Tropfenf\u00e4nger! gute Kombinationen<\/p>\n<div class=\"shariff shariff-align-left shariff-widget-align-left\"><ul class=\"shariff-buttons theme-round orientation-horizontal buttonsize-medium\"><li class=\"shariff-button facebook shariff-nocustomcolor\" style=\"background-color:#4273c8\"><a href=\"https:\/\/www.facebook.com\/sharer\/sharer.php?u=https%3A%2F%2Fwww.mahet.de%2F%3Fpage_id%3D532\" title=\"Bei Facebook teilen\" aria-label=\"Bei Facebook teilen\" role=\"button\" rel=\"nofollow\" class=\"shariff-link\" style=\"; background-color:#3b5998; color:#fff\" target=\"_blank\"><span class=\"shariff-icon\" style=\"\"><svg width=\"32px\" height=\"20px\" xmlns=\"http:\/\/www.w3.org\/2000\/svg\" viewBox=\"0 0 18 32\"><path fill=\"#3b5998\" d=\"M17.1 0.2v4.7h-2.8q-1.5 0-2.1 0.6t-0.5 1.9v3.4h5.2l-0.7 5.3h-4.5v13.6h-5.5v-13.6h-4.5v-5.3h4.5v-3.9q0-3.3 1.9-5.2t5-1.8q2.6 0 4.1 0.2z\"\/><\/svg><\/span><\/a><\/li><li class=\"shariff-button twitter shariff-nocustomcolor\" style=\"background-color:#595959\"><a href=\"https:\/\/twitter.com\/share?url=https%3A%2F%2Fwww.mahet.de%2F%3Fpage_id%3D532&text=Silvesterparty%20des%20Grauens\" title=\"Bei X teilen\" aria-label=\"Bei X teilen\" role=\"button\" rel=\"noopener nofollow\" class=\"shariff-link\" style=\"; background-color:#000; color:#fff\" target=\"_blank\"><span class=\"shariff-icon\" style=\"\"><svg width=\"32px\" height=\"20px\" xmlns=\"http:\/\/www.w3.org\/2000\/svg\" viewBox=\"0 0 24 24\"><path fill=\"#000\" d=\"M14.258 10.152L23.176 0h-2.113l-7.747 8.813L7.133 0H0l9.352 13.328L0 23.973h2.113l8.176-9.309 6.531 9.309h7.133zm-2.895 3.293l-.949-1.328L2.875 1.56h3.246l6.086 8.523.945 1.328 7.91 11.078h-3.246zm0 0\"\/><\/svg><\/span><\/a><\/li><\/ul><\/div>","protected":false},"author":1,"featured_media":0,"parent":73,"menu_order":0,"comment_status":"closed","ping_status":"closed","template":"template-fullwidth.php","meta":{"footnotes":""},"class_list":["post-532","page","type-page","status-publish","hentry"],"_links":{"self":[{"href":"https:\/\/www.mahet.de\/index.php?rest_route=\/wp\/v2\/pages\/532","targetHints":{"allow":["GET"]}}],"collection":[{"href":"https:\/\/www.mahet.de\/index.php?rest_route=\/wp\/v2\/pages"}],"about":[{"href":"https:\/\/www.mahet.de\/index.php?rest_route=\/wp\/v2\/types\/page"}],"author":[{"embeddable":true,"href":"https:\/\/www.mahet.de\/index.php?rest_route=\/wp\/v2\/users\/1"}],"replies":[{"embeddable":true,"href":"https:\/\/www.mahet.de\/index.php?rest_route=%2Fwp%2Fv2%2Fcomments&post=532"}],"version-history":[{"count":2,"href":"https:\/\/www.mahet.de\/index.php?rest_route=\/wp\/v2\/pages\/532\/revisions"}],"predecessor-version":[{"id":800,"href":"https:\/\/www.mahet.de\/index.php?rest_route=\/wp\/v2\/pages\/532\/revisions\/800"}],"up":[{"embeddable":true,"href":"https:\/\/www.mahet.de\/index.php?rest_route=\/wp\/v2\/pages\/73"}],"wp:attachment":[{"href":"https:\/\/www.mahet.de\/index.php?rest_route=%2Fwp%2Fv2%2Fmedia&parent=532"}],"curies":[{"name":"wp","href":"https:\/\/api.w.org\/{rel}","templated":true}]}}