{"id":63,"date":"2021-01-05T11:37:53","date_gmt":"2021-01-05T10:37:53","guid":{"rendered":"http:\/\/www.mahet.de\/mahet\/?page_id=63"},"modified":"2021-01-14T14:44:49","modified_gmt":"2021-01-14T13:44:49","slug":"drachen-20er-jahre","status":"publish","type":"page","link":"https:\/\/www.mahet.de\/?page_id=63","title":{"rendered":"Drachen &#038; 20er Jahre"},"content":{"rendered":"<div id=\"pl-63\"  class=\"panel-layout\" ><div id=\"pg-63-0\"  class=\"panel-grid panel-no-style\" ><div id=\"pgc-63-0-0\"  class=\"panel-grid-cell\" ><div id=\"panel-63-0-0-0\" class=\"so-panel widget widget_text panel-first-child panel-last-child\" data-index=\"0\" >\t\t\t<div class=\"textwidget\"><h2>DRACHEN &amp; 20er JAHRE<\/h2>\n<p>Keine klassische Fantasy &#8211; aber klassische Elemente der Phantastik!<\/p>\n<p>Seit Jahrhunderten werden die Geschicke der Welt in Wahrheit von \u00fcberm\u00e4chtigen Wesen gelenkt: den Drachen.<\/p>\n<p>Sie entfachen politische Konflikte, st\u00fcrzen K\u00f6nige und treiben Staaten in den Krieg. Doch nun schlagen die Menschen zur\u00fcck &#8230;\u201c<\/p>\n<p>Doppeldecker, Luftschiffe, Drachen in allen Varianten und Gr\u00f6\u00dfen, Intrigen und R\u00e4nkespiele &#8211; das alles bieten meine 20er Jahre, in denen Silena, die Nachfahrin eines mittelalterlichen Drachenheiligen, den Kampf gegen die gewaltigen Wesen aufnimmt.<\/p>\n<p>Mal mit ihrem Flugzeug, mal am Boden, mal mit Feuerkraft, mal mit Geisteskraft.<\/p>\n<\/div>\n\t\t<\/div><\/div><\/div><div id=\"pg-63-1\"  class=\"panel-grid panel-no-style\" ><div id=\"pgc-63-1-0\"  class=\"panel-grid-cell\" ><div id=\"panel-63-1-0-0\" class=\"so-panel widget widget_media_image panel-first-child panel-last-child\" data-index=\"1\" ><img loading=\"lazy\" decoding=\"async\" width=\"300\" height=\"478\" src=\"https:\/\/www.mahet.de\/mahet\/wp-content\/uploads\/2021\/01\/Maechte-643x1024.jpg\" class=\"image wp-image-756  attachment-300x478 size-300x478\" alt=\"\" style=\"max-width: 100%; height: auto;\" srcset=\"https:\/\/www.mahet.de\/mahet\/wp-content\/uploads\/2021\/01\/Maechte-643x1024.jpg 643w, https:\/\/www.mahet.de\/mahet\/wp-content\/uploads\/2021\/01\/Maechte-188x300.jpg 188w, https:\/\/www.mahet.de\/mahet\/wp-content\/uploads\/2021\/01\/Maechte-768x1224.jpg 768w, https:\/\/www.mahet.de\/mahet\/wp-content\/uploads\/2021\/01\/Maechte-964x1536.jpg 964w, https:\/\/www.mahet.de\/mahet\/wp-content\/uploads\/2021\/01\/Maechte-1285x2048.jpg 1285w, https:\/\/www.mahet.de\/mahet\/wp-content\/uploads\/2021\/01\/Maechte-scaled.jpg 1606w\" sizes=\"auto, (max-width: 300px) 100vw, 300px\" \/><\/div><\/div><div id=\"pgc-63-1-1\"  class=\"panel-grid-cell\" ><div id=\"panel-63-1-1-0\" class=\"so-panel widget widget_text panel-first-child panel-last-child\" data-index=\"2\" >\t\t\t<div class=\"textwidget\"><h2>DIE M\u00c4CHTE DES FEUERS (Band 1)<\/h2>\n<p><strong>Teasertext:<\/strong><\/p>\n<p>\u201eIm Jahr 1925 untersucht die Drachent\u00f6terin Silena eine Reihe mysteri\u00f6ser Todesf\u00e4lle. Immer neue geheimnisvolle Gegenspieler und Verb\u00fcndete erscheinen.<\/p>\n<p>Silena wird in einen uralten magischen Konflikt verstrickt. Stecken Drachen dahinter, oder muss sie sich einem ganz anderen Gegner stellen?<\/p>\n<p>Und welche Rolle spielen die Gargoyles, jene unheimlichen Steinfiguren an alten Kirchen und Gem\u00e4uern?\u201c<\/p>\n<\/div>\n\t\t<\/div><\/div><\/div><div id=\"pg-63-2\"  class=\"panel-grid panel-no-style\" ><div id=\"pgc-63-2-0\"  class=\"panel-grid-cell\" ><div id=\"panel-63-2-0-0\" class=\"so-panel widget widget_media_image panel-first-child panel-last-child\" data-index=\"3\" ><img loading=\"lazy\" decoding=\"async\" width=\"300\" height=\"478\" src=\"https:\/\/www.mahet.de\/mahet\/wp-content\/uploads\/2021\/01\/Drachenkaiser-643x1024.jpg\" class=\"image wp-image-748  attachment-300x478 size-300x478\" alt=\"\" style=\"max-width: 100%; height: auto;\" srcset=\"https:\/\/www.mahet.de\/mahet\/wp-content\/uploads\/2021\/01\/Drachenkaiser-643x1024.jpg 643w, https:\/\/www.mahet.de\/mahet\/wp-content\/uploads\/2021\/01\/Drachenkaiser-188x300.jpg 188w, https:\/\/www.mahet.de\/mahet\/wp-content\/uploads\/2021\/01\/Drachenkaiser-768x1224.jpg 768w, https:\/\/www.mahet.de\/mahet\/wp-content\/uploads\/2021\/01\/Drachenkaiser-964x1536.jpg 964w, https:\/\/www.mahet.de\/mahet\/wp-content\/uploads\/2021\/01\/Drachenkaiser.jpg 1004w\" sizes=\"auto, (max-width: 300px) 100vw, 300px\" \/><\/div><\/div><div id=\"pgc-63-2-1\"  class=\"panel-grid-cell\" ><div id=\"panel-63-2-1-0\" class=\"so-panel widget widget_text panel-first-child panel-last-child\" data-index=\"4\" >\t\t\t<div class=\"textwidget\"><h2>DRACHENKAISER (Band 2)<\/h2>\n<p><strong>Teasertext:<\/strong><\/p>\n<p>\u201eUnsere Welt geh\u00f6rt den Drachen \u2013 seit Anbeginn der Zeit haben sie L\u00e4nder und Kontinente unter sich aufgeteilt, s\u00e4en Hass und Intrigen zwischen den V\u00f6lkern, entfachen politische Konflikte und Kriege. Doch im Europa des Jahres 1926 gibt es Menschen, die sich den \u00fcberm\u00e4chtigen Gesch\u00f6pfen entgegenstellen.<\/p>\n<p>Die Drachent\u00f6terin Silena, F\u00fcrst Grigorij und ihre Gef\u00e4hrten haben die erste Schlacht gegen die Drachen geschlagen. Die feuerbewehrten Herrscher der Alten Welt sind geschw\u00e4cht und zerstritten.<\/p>\n<p>Dies lockt einen neuen Drachen aus dem Fernen Osten herbei, der seine gierigen Klauen nach Europa ausstreckt. Silena und ihre Mitstreiter m\u00fcssen verhindern, dass der Machtkampf der Drachen zur Unterdr\u00fcckung der gesamten Menschheit f\u00fchrt.\u201c<\/p>\n<\/div>\n\t\t<\/div><\/div><\/div><div id=\"pg-63-3\"  class=\"panel-grid panel-no-style\" ><div id=\"pgc-63-3-0\"  class=\"panel-grid-cell\" ><div id=\"panel-63-3-0-0\" class=\"so-panel widget widget_media_image panel-first-child panel-last-child\" data-index=\"5\" ><img loading=\"lazy\" decoding=\"async\" width=\"300\" height=\"478\" src=\"https:\/\/www.mahet.de\/mahet\/wp-content\/uploads\/2021\/01\/Drachengift-643x1024.jpg\" class=\"image wp-image-747  attachment-300x478 size-300x478\" alt=\"\" style=\"max-width: 100%; height: auto;\" srcset=\"https:\/\/www.mahet.de\/mahet\/wp-content\/uploads\/2021\/01\/Drachengift-643x1024.jpg 643w, https:\/\/www.mahet.de\/mahet\/wp-content\/uploads\/2021\/01\/Drachengift-188x300.jpg 188w, https:\/\/www.mahet.de\/mahet\/wp-content\/uploads\/2021\/01\/Drachengift-768x1224.jpg 768w, https:\/\/www.mahet.de\/mahet\/wp-content\/uploads\/2021\/01\/Drachengift-964x1536.jpg 964w, https:\/\/www.mahet.de\/mahet\/wp-content\/uploads\/2021\/01\/Drachengift-1285x2048.jpg 1285w, https:\/\/www.mahet.de\/mahet\/wp-content\/uploads\/2021\/01\/Drachengift-scaled.jpg 1606w\" sizes=\"auto, (max-width: 300px) 100vw, 300px\" \/><\/div><\/div><div id=\"pgc-63-3-1\"  class=\"panel-grid-cell\" ><div id=\"panel-63-3-1-0\" class=\"so-panel widget widget_text panel-first-child panel-last-child\" data-index=\"6\" >\t\t\t<div class=\"textwidget\"><h2>DRACHENGIFT (Band 3)<\/h2>\n<p><strong>Teasertext:<\/strong><\/p>\n<p>Sie sind die M\u00e4chte des Feuers. Sie bringen Tod und Vernichtung \u00fcber die Welt. Doch Silena und ihre Gef\u00e4hrten schlagen zur\u00fcck, um das \u00dcberleben der Menschheit zu sichern &#8230;<\/p>\n<p>Silenas Kampf gegen die Drachen geht weiter, allerdings tritt neben dem Officium Draconis und den freien Drachenj\u00e4gern pl\u00f6tzlich ein neuer Mitbewerber auf den Plan: eine mysteri\u00f6se Flugstaffel, die zu einem Chemie-Unternehmen geh\u00f6rt und mit Spr\u00fchmitteln gegen die Drachen vorgeht.<\/p>\n<p>Und Grigorij benimmt sich zusehends merkw\u00fcrdiger. Als sei er unter den Bann eines Drachen gefallen.\u201c<\/p>\n<\/div>\n\t\t<\/div><\/div><\/div><\/div>","protected":false},"excerpt":{"rendered":"<p>DRACHEN &amp; 20er JAHRE Keine klassische Fantasy &#8211; aber klassische Elemente der Phantastik! Seit Jahrhunderten werden die Geschicke der Welt in Wahrheit von \u00fcberm\u00e4chtigen Wesen gelenkt: den Drachen. Sie entfachen politische Konflikte, st\u00fcrzen K\u00f6nige und treiben Staaten in den Krieg. Doch nun schlagen die Menschen zur\u00fcck &#8230;\u201c Doppeldecker, Luftschiffe, Drachen<\/p>\n<div class=\"shariff shariff-align-left shariff-widget-align-left\"><ul class=\"shariff-buttons theme-round orientation-horizontal buttonsize-medium\"><li class=\"shariff-button facebook shariff-nocustomcolor\" style=\"background-color:#4273c8\"><a href=\"https:\/\/www.facebook.com\/sharer\/sharer.php?u=https%3A%2F%2Fwww.mahet.de%2F%3Fpage_id%3D63\" title=\"Bei Facebook teilen\" aria-label=\"Bei Facebook teilen\" role=\"button\" rel=\"nofollow\" class=\"shariff-link\" style=\"; background-color:#3b5998; color:#fff\" target=\"_blank\"><span class=\"shariff-icon\" style=\"\"><svg width=\"32px\" height=\"20px\" xmlns=\"http:\/\/www.w3.org\/2000\/svg\" viewBox=\"0 0 18 32\"><path fill=\"#3b5998\" d=\"M17.1 0.2v4.7h-2.8q-1.5 0-2.1 0.6t-0.5 1.9v3.4h5.2l-0.7 5.3h-4.5v13.6h-5.5v-13.6h-4.5v-5.3h4.5v-3.9q0-3.3 1.9-5.2t5-1.8q2.6 0 4.1 0.2z\"\/><\/svg><\/span><\/a><\/li><li class=\"shariff-button twitter shariff-nocustomcolor\" style=\"background-color:#595959\"><a href=\"https:\/\/twitter.com\/share?url=https%3A%2F%2Fwww.mahet.de%2F%3Fpage_id%3D63&text=Drachen%20%26%2020er%20Jahre\" title=\"Bei X teilen\" aria-label=\"Bei X teilen\" role=\"button\" rel=\"noopener nofollow\" class=\"shariff-link\" style=\"; background-color:#000; color:#fff\" target=\"_blank\"><span class=\"shariff-icon\" style=\"\"><svg width=\"32px\" height=\"20px\" xmlns=\"http:\/\/www.w3.org\/2000\/svg\" viewBox=\"0 0 24 24\"><path fill=\"#000\" d=\"M14.258 10.152L23.176 0h-2.113l-7.747 8.813L7.133 0H0l9.352 13.328L0 23.973h2.113l8.176-9.309 6.531 9.309h7.133zm-2.895 3.293l-.949-1.328L2.875 1.56h3.246l6.086 8.523.945 1.328 7.91 11.078h-3.246zm0 0\"\/><\/svg><\/span><\/a><\/li><\/ul><\/div>","protected":false},"author":1,"featured_media":0,"parent":12,"menu_order":0,"comment_status":"closed","ping_status":"closed","template":"template-fullwidth.php","meta":{"footnotes":""},"class_list":["post-63","page","type-page","status-publish","hentry"],"_links":{"self":[{"href":"https:\/\/www.mahet.de\/index.php?rest_route=\/wp\/v2\/pages\/63","targetHints":{"allow":["GET"]}}],"collection":[{"href":"https:\/\/www.mahet.de\/index.php?rest_route=\/wp\/v2\/pages"}],"about":[{"href":"https:\/\/www.mahet.de\/index.php?rest_route=\/wp\/v2\/types\/page"}],"author":[{"embeddable":true,"href":"https:\/\/www.mahet.de\/index.php?rest_route=\/wp\/v2\/users\/1"}],"replies":[{"embeddable":true,"href":"https:\/\/www.mahet.de\/index.php?rest_route=%2Fwp%2Fv2%2Fcomments&post=63"}],"version-history":[{"count":3,"href":"https:\/\/www.mahet.de\/index.php?rest_route=\/wp\/v2\/pages\/63\/revisions"}],"predecessor-version":[{"id":790,"href":"https:\/\/www.mahet.de\/index.php?rest_route=\/wp\/v2\/pages\/63\/revisions\/790"}],"up":[{"embeddable":true,"href":"https:\/\/www.mahet.de\/index.php?rest_route=\/wp\/v2\/pages\/12"}],"wp:attachment":[{"href":"https:\/\/www.mahet.de\/index.php?rest_route=%2Fwp%2Fv2%2Fmedia&parent=63"}],"curies":[{"name":"wp","href":"https:\/\/api.w.org\/{rel}","templated":true}]}}