{"id":77,"date":"2021-01-05T11:37:53","date_gmt":"2021-01-05T10:37:53","guid":{"rendered":"http:\/\/www.mahet.de\/mahet\/?page_id=77"},"modified":"2021-01-14T15:19:58","modified_gmt":"2021-01-14T14:19:58","slug":"kontakt","status":"publish","type":"page","link":"https:\/\/www.mahet.de\/?page_id=77","title":{"rendered":"Kontakt"},"content":{"rendered":"<div id=\"pl-77\"  class=\"panel-layout\" ><div id=\"pg-77-0\"  class=\"panel-grid panel-no-style\" ><div id=\"pgc-77-0-0\"  class=\"panel-grid-cell\" ><div id=\"panel-77-0-0-0\" class=\"so-panel widget widget_sow-editor panel-first-child panel-last-child\" data-index=\"0\" ><div\n\t\t\t\n\t\t\tclass=\"so-widget-sow-editor so-widget-sow-editor-base\"\n\t\t\t\n\t\t>\n<div class=\"siteorigin-widget-tinymce textwidget\">\n\t<p>Wer sich unbedingt, also unbedingt, aus welchem Grund auch immer (au\u00dfer f\u00fcr verbotene, unsittliche oder moralisch verwerfliche Angelegenheiten) mit mir in Verbindung setzen m\u00f6chte, kann das gerne tun.<\/p>\n<p>Ich werde dann nat\u00fcrlich auch antworten. Wenn der SPAM-Filter nicht zuschlug.<br \/>\nIrgendwann.<\/p>\n<p><strong>+++ WARNUNG +++<\/strong><\/p>\n<p>Leider, leider fehlt mir die Zeit, Manuskripte, Kurzgeschichten,<br \/>\nIdeen oder andere kreative Dinge von anderen zu lesen. Und schon gar nicht w\u00fcrde ich mir anma\u00dfen wollen, sie beurteilen zu k\u00f6nnen. Diesbez\u00fcgliche Anfragen kann ich nicht beantworten. Da bitte ich um Verst\u00e4ndnis.<\/p>\n<p>SIGNIERTE BUCHAUSGABEN<br \/>\nDiesen Service bietet die Buchhandlung DRACHENWINKEL in Dillingen-Diefflen.<\/p>\n<p><a href=\"mailto: &#x6d;&#x68;&#x65;&#x69;&#x74;&#x7a;&#x40;&#x75;&#x6c;&#x6c;&#x64;&#97;&#114;&#116;&#46;&#100;&#101;\">Ich will immer noch eine Mail schicken!<\/p>\n<p><\/a><\/p>\n<\/div>\n<\/div><\/div><\/div><\/div><\/div>","protected":false},"excerpt":{"rendered":"<p>Wer sich unbedingt, also unbedingt, aus welchem Grund auch immer (au\u00dfer f\u00fcr verbotene, unsittliche oder moralisch verwerfliche Angelegenheiten) mit mir in Verbindung setzen m\u00f6chte, kann das gerne tun. Ich werde dann nat\u00fcrlich auch antworten. Wenn der SPAM-Filter nicht zuschlug. Irgendwann. +++ WARNUNG +++ Leider, leider fehlt mir die Zeit, Manuskripte,<\/p>\n<div class=\"shariff shariff-align-flex-start shariff-widget-align-flex-start\"><ul class=\"shariff-buttons theme-round orientation-horizontal buttonsize-medium\"><li class=\"shariff-button facebook shariff-nocustomcolor\" style=\"background-color:#4273c8\"><a href=\"https:\/\/www.facebook.com\/sharer\/sharer.php?u=https%3A%2F%2Fwww.mahet.de%2F%3Fpage_id%3D77\" title=\"Bei Facebook teilen\" aria-label=\"Bei Facebook teilen\" role=\"button\" rel=\"nofollow\" class=\"shariff-link\" style=\"; background-color:#3b5998; color:#fff\" target=\"_blank\"><span class=\"shariff-icon\" style=\"\"><svg width=\"32px\" height=\"20px\" xmlns=\"http:\/\/www.w3.org\/2000\/svg\" viewBox=\"0 0 18 32\"><path fill=\"#3b5998\" d=\"M17.1 0.2v4.7h-2.8q-1.5 0-2.1 0.6t-0.5 1.9v3.4h5.2l-0.7 5.3h-4.5v13.6h-5.5v-13.6h-4.5v-5.3h4.5v-3.9q0-3.3 1.9-5.2t5-1.8q2.6 0 4.1 0.2z\"\/><\/svg><\/span><\/a><\/li><li class=\"shariff-button twitter shariff-nocustomcolor\" style=\"background-color:#595959\"><a href=\"https:\/\/twitter.com\/share?url=https%3A%2F%2Fwww.mahet.de%2F%3Fpage_id%3D77&text=Kontakt\" title=\"Bei X teilen\" aria-label=\"Bei X teilen\" role=\"button\" rel=\"noopener nofollow\" class=\"shariff-link\" style=\"; background-color:#000; color:#fff\" target=\"_blank\"><span class=\"shariff-icon\" style=\"\"><svg width=\"32px\" height=\"20px\" xmlns=\"http:\/\/www.w3.org\/2000\/svg\" viewBox=\"0 0 24 24\"><path fill=\"#000\" d=\"M14.258 10.152L23.176 0h-2.113l-7.747 8.813L7.133 0H0l9.352 13.328L0 23.973h2.113l8.176-9.309 6.531 9.309h7.133zm-2.895 3.293l-.949-1.328L2.875 1.56h3.246l6.086 8.523.945 1.328 7.91 11.078h-3.246zm0 0\"\/><\/svg><\/span><\/a><\/li><\/ul><\/div>","protected":false},"author":1,"featured_media":0,"parent":15,"menu_order":0,"comment_status":"closed","ping_status":"closed","template":"template-fullwidth.php","meta":{"footnotes":""},"class_list":["post-77","page","type-page","status-publish","hentry"],"_links":{"self":[{"href":"https:\/\/www.mahet.de\/index.php?rest_route=\/wp\/v2\/pages\/77","targetHints":{"allow":["GET"]}}],"collection":[{"href":"https:\/\/www.mahet.de\/index.php?rest_route=\/wp\/v2\/pages"}],"about":[{"href":"https:\/\/www.mahet.de\/index.php?rest_route=\/wp\/v2\/types\/page"}],"author":[{"embeddable":true,"href":"https:\/\/www.mahet.de\/index.php?rest_route=\/wp\/v2\/users\/1"}],"replies":[{"embeddable":true,"href":"https:\/\/www.mahet.de\/index.php?rest_route=%2Fwp%2Fv2%2Fcomments&post=77"}],"version-history":[{"count":2,"href":"https:\/\/www.mahet.de\/index.php?rest_route=\/wp\/v2\/pages\/77\/revisions"}],"predecessor-version":[{"id":808,"href":"https:\/\/www.mahet.de\/index.php?rest_route=\/wp\/v2\/pages\/77\/revisions\/808"}],"up":[{"embeddable":true,"href":"https:\/\/www.mahet.de\/index.php?rest_route=\/wp\/v2\/pages\/15"}],"wp:attachment":[{"href":"https:\/\/www.mahet.de\/index.php?rest_route=%2Fwp%2Fv2%2Fmedia&parent=77"}],"curies":[{"name":"wp","href":"https:\/\/api.w.org\/{rel}","templated":true}]}}